{"id":1033,"date":"2011-11-22T20:48:57","date_gmt":"2011-11-22T20:48:57","guid":{"rendered":"http:\/\/www.labernoise.ch\/keller\/?page_id=1033"},"modified":"2020-09-26T10:06:17","modified_gmt":"2020-09-26T10:06:17","slug":"jobs","status":"publish","type":"page","link":"https:\/\/www.labernoise.ch\/keller\/jobs\/","title":{"rendered":"Jobs\/Fourrages"},"content":{"rendered":"<p><span style=\"font-size: 18pt;\"><strong>\u00ab\u00a0Recherche de personnel\u00a0\u00bb<\/strong><\/span><\/p>\n<p>Pour des travaux temporaires, nous avons toujours besoin de MO agricole. N\u2019h\u00e9siter pas a prendre contact avec nous.<\/p>\n<p>Nous r\u00e9pondrons \u00e0 vos questions. Merci !<strong><br \/>\n<\/strong><\/p>\n<p>&nbsp;<\/p>\n<p>&nbsp;<\/p>\n<p><span style=\"font-size: 18pt;\"><strong>\u00ab\u00a0Ma\u00efs plante enti\u00e8re\u00a0\u00bb<br \/>\n<\/strong><\/span><\/p>\n<p><img loading=\"lazy\" decoding=\"async\" class=\" wp-image-1775 alignleft\" src=\"https:\/\/www.labernoise.ch\/keller\/wp-content\/uploads\/IMG-20181003-WA0002-1024x497.jpg\" alt=\"\" width=\"379\" height=\"184\" srcset=\"https:\/\/www.labernoise.ch\/keller\/wp-content\/uploads\/IMG-20181003-WA0002-1024x497.jpg 1024w, https:\/\/www.labernoise.ch\/keller\/wp-content\/uploads\/IMG-20181003-WA0002-300x146.jpg 300w, https:\/\/www.labernoise.ch\/keller\/wp-content\/uploads\/IMG-20181003-WA0002-768x373.jpg 768w, https:\/\/www.labernoise.ch\/keller\/wp-content\/uploads\/IMG-20181003-WA0002.jpg 1600w\" sizes=\"(max-width: 379px) 100vw, 379px\" \/><\/p>\n<p><strong>A vendre<\/strong>, balles d&rsquo;ensilage <strong>ma\u00efs 40-45% MS, coupe exacte, brin court<\/strong>, pour l&rsquo;alimentation bovine. ~950 kg\/balle.<\/p>\n<p>R\u00e9servez vos balles au 078\/609.26.25<\/p>\n<p>&nbsp;<\/p>\n<p>&nbsp;<\/p>\n<p><img loading=\"lazy\" decoding=\"async\" class=\"wp-image-1781 alignright\" src=\"https:\/\/www.labernoise.ch\/keller\/wp-content\/uploads\/IMG-20181007-WA0009-300x146.jpg\" alt=\"\" width=\"335\" height=\"163\" srcset=\"https:\/\/www.labernoise.ch\/keller\/wp-content\/uploads\/IMG-20181007-WA0009-300x146.jpg 300w, https:\/\/www.labernoise.ch\/keller\/wp-content\/uploads\/IMG-20181007-WA0009-768x373.jpg 768w, https:\/\/www.labernoise.ch\/keller\/wp-content\/uploads\/IMG-20181007-WA0009-1024x497.jpg 1024w, https:\/\/www.labernoise.ch\/keller\/wp-content\/uploads\/IMG-20181007-WA0009.jpg 1600w\" sizes=\"(max-width: 335px) 100vw, 335px\" \/><\/p>\n<p>&nbsp;<\/p>\n<p>&nbsp;<\/p>\n<p>&nbsp;<\/p>\n<p>&nbsp;<\/p>\n","protected":false},"excerpt":{"rendered":"<p>\u00ab\u00a0Recherche de personnel\u00a0\u00bb Pour des travaux temporaires, nous avons toujours besoin de MO agricole. N\u2019h\u00e9siter pas a prendre contact avec nous. Nous r\u00e9pondrons \u00e0 vos questions. Merci ! &nbsp; &nbsp; \u00ab\u00a0Ma\u00efs plante enti\u00e8re\u00a0\u00bb A vendre, balles d&rsquo;ensilage ma\u00efs 40-45% MS, coupe exacte, brin court, pour l&rsquo;alimentation bovine. ~950 kg\/balle. R\u00e9servez vos balles au 078\/609.26.25 &nbsp; [&hellip;]<\/p>\n","protected":false},"author":2,"featured_media":1775,"parent":0,"menu_order":0,"comment_status":"closed","ping_status":"open","template":"","meta":{"_genesis_hide_title":false,"_genesis_hide_breadcrumbs":false,"_genesis_hide_singular_image":false,"_genesis_hide_footer_widgets":false,"_genesis_custom_body_class":"","_genesis_custom_post_class":"","_genesis_layout":"","footnotes":""},"_links":{"self":[{"href":"https:\/\/www.labernoise.ch\/keller\/wp-json\/wp\/v2\/pages\/1033"}],"collection":[{"href":"https:\/\/www.labernoise.ch\/keller\/wp-json\/wp\/v2\/pages"}],"about":[{"href":"https:\/\/www.labernoise.ch\/keller\/wp-json\/wp\/v2\/types\/page"}],"author":[{"embeddable":true,"href":"https:\/\/www.labernoise.ch\/keller\/wp-json\/wp\/v2\/users\/2"}],"replies":[{"embeddable":true,"href":"https:\/\/www.labernoise.ch\/keller\/wp-json\/wp\/v2\/comments?post=1033"}],"version-history":[{"count":47,"href":"https:\/\/www.labernoise.ch\/keller\/wp-json\/wp\/v2\/pages\/1033\/revisions"}],"predecessor-version":[{"id":1855,"href":"https:\/\/www.labernoise.ch\/keller\/wp-json\/wp\/v2\/pages\/1033\/revisions\/1855"}],"wp:featuredmedia":[{"embeddable":true,"href":"https:\/\/www.labernoise.ch\/keller\/wp-json\/wp\/v2\/media\/1775"}],"wp:attachment":[{"href":"https:\/\/www.labernoise.ch\/keller\/wp-json\/wp\/v2\/media?parent=1033"}],"curies":[{"name":"wp","href":"https:\/\/api.w.org\/{rel}","templated":true}]}}